value of 37 + -9 - (19 + -11 + -3)?
23
What is the value of -2 - (1 - -1) - -2 - (8 - 14)?
4
What is the value of (-12 - ((14 - (5 - -2)) + 3)) + -5?
-27
What is 1 - (-1 + 2) - -10 - (4185 + -4174)?
-1
4 + 9 + -2 + 23 + -29
5
What is 5 + (5 - -4 - -17) + 4 + -11?
24
What is the value of 10 + -3 + -15 + -23 + 13?
-18
Calculate -2 + 18 + 46 + (-37 - -5).
30
-38 + (-3 - 0) - -3 - (-85 - -73)
-26
7 + 1 - (6 + -8 + (1 - 0))
9
Calculate (5 - (1 - -4)) + 9 + -10.
-1
Evaluate -1 - (2 + (6 - (2 + 4))) - -2.
-1
Calculate 18 + -13 + (6 - 10 - -9).
10
Calculate 27 - (21 + 24 + -7).
-11
What is the value of -10 + (-45 - -75 - -7)?
27
59 - (-5 - 18 - -54)
28
Calculate (-107 - -106) + (-3 - -31).
27
Calculate -2 + (3 - 1 - 4 - -7) - 1.
2
Calculate (137 - 142) + -2 + (1 - -3).
-3
Calculate -11 - ((9 - (0 + -1)) + -41).
20
What is -9 + (3 + 6 - 5) + 1 + -12?
-16
Calculate 145 - 143 - (20 + -2).
-16
What is the value of -3 - (1 + -5 + (-9 - (1 - 10)))?
1
Evaluate 8 + (-1 - (6 - -2)) - 7.
-8
What is (-1 - 4 - 2 - (-69 - -77)) + -11?
-26
Calculate 143 + -126 - (0 + (0 + 5 - 5)).
17
Evaluate (-7 + -13 - 0) + -3 + 0 + 9.
-14
Calculate -39 + 45 - (-3 + 0 - (0 - -2)).
11
What is -32 - (-1 - 16) - (-3 + 5)?
-17
What is (-9 - -18) + -1 + -7?
1
Calculate (30 - 41) + 7 + -3 - -5.
-2
Evaluate (-13 - (-13 + 2)) + -4.
-6
What is (2 - -19) + -2 - 19?
0
What is the value of 0 + -4 - (15 + -46 + 4)?
23
Calculate (6 - (13 + 1)) + 17 - (0 + -2).
11
What is the value of 16 + 1 + -2 + (211 - 207)?
19
What is 8 + 2 + -4 + 1 + -12 + -2?
-7
What is the value of -6 + 12 + (13 - 19)?
0
What is 101 - 110 - (-7 - -1)?
-3
Calculate 12 + (1 - (20 - 10)) - -3.
6
Evaluate -8 + -4 + 3 + 4 + -3.
-8
Calculate 90 + -102 + 12 + -9.
-9
(-9 - (-9 + -7)) + (9 - 6 - -6)
16
What is the value of -13 + 1 + 12 + 6?
6
(28 - -2) + -17 + (-7 - -1)
7
What is the value of (0 + (10 - 19) - -23) + 0?
14
Evaluate 5 - (-12 + -2 + 15).
4
1 + (9 - -11) + -10
11
Calculate -12 + (9 - (-2 + 14)) - -6.
-9
What is the value of -18 + 15 + 4 - 37?
-36
-1 + 2 - (-49 - -57)
-7
Evaluate -15 + 12 - (-1 + 0 + -5).
3
What is (1 - 5) + (-4 - (3 + -3) - 0)?
-8
Calculate 4 - (4 + -45 - -38).
7
Calculate 1 + -31 - ((-8 + -4 - -30) + -23).
-25
Evaluate -6 + 6 + (18 - 10) + -15.
-7
Calculate 4 + (3 - -5 - 8) + -1 + -1.
2
What is the value of -8 + 11 + (-9 - -11) + -6 - -12?
11
What is the value of 0 - 2 - ((-11 - -18) + -5) - 7?
-11
What is the value of -1 - (-17 - -9) - -5?
12
What is -7 - (8 - 0) - -27?
12
Calculate (18 - 1) + -32 + 30 - (-4 + 8).
11
Evaluate 624 + -601 - (13 + 1).
9
Evaluate (0 - -11) + (106 - 128) - 1.
-12
1 + 1 + (9 - 4)
7
Calculate (0 + -5 - (-86 - -73)) + -7 - 32.
-31
What is 11 - 18 - (-7 + -1) - -19?
20
What is the value of 22 - ((4 - -5) + (5 + -8 - 4))?
20
What is -9 + -20 + (17 - 12 - -9)?
-15
What is 0 + (-2 - -5 - 8) + 0 + 4?
-1
(-10 - -27) + 0 + -4 + -1
12
-706 + 715 + -1 + 0 + (3 - 12)
-1
What is ((-2 - (-1 + -2)) + -3 - -8) + 1?
7
-26 + -30 - (-1 - 20)
-35
-4 + -1 + -6 + 10 + -14 + 50
35
(-1 - -16) + 1039 + -1055
-1
Evaluate 19 + -25 + (15 - 1) - 12.
-4
-10 - (9 + -10 + 10 - (1 - 8))
-26
3 - 2 - (-17 - (-4 - (-1 + 4)))
11
Evaluate -5 - 3 - -1 - (-19 - -25).
-13
Evaluate 3 + (13 - -3 - -4) - (-10 - -6).
27
Evaluate (-3 - 34) + -1 + 8 + 6.
-24
Calculate (-6 + 7 + 5 + -5 - -4) + 7.
12
What is 52 - (-3 + -7 + -4 + 29)?
37
What is (-2 - -2) + (9 + 14 + 6 - 12)?
17
What is 15 - (-21 + 15 - -1)?
20
What is the value of 2 - -19 - 17 - (1 + (-10 - -1))?
12
Calculate 1 + -13 + 26 + -21 - -3 - -18.
14
What is the value of -5 + 15 + -31 + 6?
-15
What is the value of -5 + -1 - (0 - 2) - 8?
-12
What is -7 + 6 + 3 - 6 - (-1 - -1)?
-4
-2 + 4 + 6 + -7 + 19
20
4 - (1 - -4) - (-81 - -68)
12
What is the value of (-7 - -5) + 10 - 22 - -11?
-3
Calculate (-5 - (-3 - 2)) + 1 + 15.
16
Calculate -7 - (-24 + 70 - 41).
-12
Calculate 16 - (15 + 0 + -12) - 41.
-28
Calculate (6 - 2) + 2 + (-14 - -2 - -11).
5
2 + (1 - -4) + (-16 - -1 - 7)
-15
Calculate (2 - (-1 + 3)) + -21 + 19 + 2.
0
Calculate 4 + -7 + 2 - 10 - -7.
-4
What is the value of -6 + (-5 - (-4 + -8))?
1
What is the value of 12 + (3 - 4 - 18 - -33)?
26
Calculate 51 + (-31 - (5 - 4)).
19
-11 + -14 + 27 + 4
6
Calculate -6 + (-42 - (1 - 25)).
-24
What is the value of 6 + 2 + (-11 - -2)?
-1
What is (20 - 1) + (4 + 4 - 12)?
15
What is the value of -8 + 6 + (10 - 6) + -12?
-10
10 + 3 + -20 + 7 + (1 - -3)
4
-9 + 4 + (2 + -3 - (-17 - -13))
-2
Calculate 2 + 15 + -35 - (0 - -8).
-26
0 - 22 - (-19 + (14 - 3) + 5)
-19
-6 - (-32 + 16 + 40)
-30
Calculate 6 + 3 + (6 - 6) + -1.
8
What is (0 - 4 - -1) + (34 - -1 - 27)?
5
Evaluate 6 - (41 - 5) - (-18 - (-21 + 9)).
-24
What is the value of -25 + 42 + 0 + 0?
17
What is 311 + -317 - (-9 + (-3 - -2))?
4
What is -18 - (-11 - (-34 - -14))?
-27
10 + (8 - 3) + -3 + -5
7
4 + (-15 - -10 - -7)
6
What is -7 + -12 + (25 - 15) + (-3 - 1)?
-13
Evaluate 277 + -270 - (21 + 1 + -2 - 2).
-11
Calculate 0 + (-4 - (2 - -2)) + -21.
-29
Calculate (4 - 12) + 16 + (-1 - (4 + 14)).
-11
What is -2 + (-6 + 7 - 10) - (-1 + -30)?
20
Evaluate 15 - (-8 - -20) - 8.
-5
What is (-1 - (60 - 10)) + 33?
-18
What is 1 + (-7 + -1 - (2 - (14 + -24)))?
-19
Calculate 10 - (7 + (28 - 43)).
18
What is -30 - ((-187 - -167) + 7 + 0)?
-17
What is the value of -6 - (-10 + -6 + 11 + 2)?
-3
What is -1 + (31 - 16) - 12?
2
What is (-1 - 17) + (32 - 23)?
-9
What is (5 - -1 - 7) + (4 - 12) + 12?
3
What is 1 + -1 - (-12 + -1 - (-279 + 281))?
15
What is -1 - (8 + -10 + -5) - 7?
-1
Calculate 33 + -28 + 2 - 24.
-17
Evaluate 25 + (31 - 26 - (7 - (0 + -2))).
21
Evaluate (3 - -2) + -20 - (4 + -1) - -6.
-12
Calculate (-10 - 7 - (27 + -64)) + 1 + 7.
28
What is the value of -8 + (-1 - -10) + -17 + 1?
-15
What is the value of 17 - (40 - 13 - 24)?
14
-3 - (19 + -6 - 12)
-4
What is the value of (-4 - (4 - 8)) + -8 + (-5 - 1)?
-14
28 + 4 + -18 - (3 + 10)
1
13 + 0 + (-21 - -38 - 7)
23
What is the value of 27 - (-2 - -32) - (-1 - (-2 - 29))?
-33
4 + 0 + -5 + 8 + (-1 - 3)
3
Evaluate 21 + (-2 - 21 - -7).
5
What is the value of 12 + (9 - -1 - (3 + (5 - 2)))?
16
What is the value of 16 + (-12 - 6) + 19 + -12?
5
What is the value of (6 - -12) + 9 - (-9 + 19)?
17
0 - (-238 - -230 - (0 - -1))
9
What is (-69 - -73) + -1 + 0 + 1 - -10?
14
What is -10 + -4 + 63 + -54?
-5
12 + (-7 - 7) + (2 - 16)
-16
8 - -4 - (1 + 10 - (-20 - -37))
18
Evaluate (-1 - 3) + -5 + (3 - -1).
-5
What is the value of (5 - (12 + -10)) + (7 - (0 - -2))?
8
Calculate 0 + 12 - (35 + -36).
13
What is -3 + -2 + 3 - -10 - (247 - 234)?
-5
-3 + 20 + -4 + 24 + -10
27
Evaluate (55 - 45) + 3 + -5 + 0 + -1.
7
What is the value of 5 + -18 + (0 - -4 - 2) + 4?
-7
What is 4 + -10 + 10 + 3 + 22 + -11?
18
Calculate (-15 - -12) + -28 - -17.
-14
Evaluate 4 + -26 - -4 - (17 + (-22 - -10)).
-23
Calculate -8 - (-13 + 3) - (4 - 17 - -5).
10
3 - 9 - (-274 + 259)
9
Evaluate (16 - (-13 - -13)) + -11.
5
Calculate -19 + (-8 - (-9 - 10)) + 0 + 5.
-3
What is 22 + (15 - 39) - (2 + -2 + 7)?
-9
8 + (2 - (-4 + -10 + 8)) + -10
6
What is the value of (-12 - -11) + 9 - 5?
3
Calculate -2 + 1 + (-13 - -26) + -8 + -21.
-17
Evaluate 3 + (-4 - -36) + -94 + 91.
32
Calculate -49 - (3 + (-37 - -17)).
-32
Evaluate -2 + 2 - ((11 - 13) + -7).
9
Evaluate 11 - ((-10 - (-1 - 2)) + (-11 - 4)).
33
Calculate (-20 - (-9 - 4) - 42) + 15.
-34
-41 - (-41 - 11) - (-1 + (15 - 3))
0
What is -7 + 1 + (4 + -12 + 5 - 4)?
-13
Evaluate -2 + 0 - ((-15 - 2) + 26 + -21).
10
Evaluate -5 + (-11 - -23) - (6 + -4).
5
Calculate 22 - (5 + -5 + 1 + 0 + 0).
21
What is 3 - (2 + 0) - -4 - 9?
-4
What is 3 + (8 + (0 - -3) - -1)?
15
-11 + (39 + -21 - 15)
-8
(8 - (-5 - -3)) + -30 + 5
-15
What is the value of -1 - 11 - (301 + -313)?
0
What is the value of (-8 - 1) + (-15 - -35) - 35?
-24
Calculate (-123 - -121) + 1 + -2 + -2 - 3.
-8
What is the value of -12 + 3 + -1 + -3 + 0?
-13
10 + -3 + (5 - (-4 - -12)) + -6
-2
Calculate (15 - -4) + -21 + 1.
-1
-2 + 9 + -1 + 23 + (-16 - 29)
-16
What is the value of -12 + 48 + -53 + (2 - -4)?
-11
What is 46 + -19 + -28 + 12?
11
What is the value of (-2 + 11 - 0) + 3?
12
What is the value of 47 + -26 - (31 + 8)?
-18
What is (-1 - (-2 - 0)) + (-56 - (-32 + -4))?
-19
19 + -6 - (-3 + (0 - 1) - -5)
12
Calculate (1 - 8) + 892 + -874.
11
What is the value of -10 + (-1 + -12 - (156 - 169))?
-10
Eva